{"id":512,"date":"2025-08-07T09:43:06","date_gmt":"2025-08-07T07:43:06","guid":{"rendered":"https:\/\/ellesinteriordesignstudio.com\/fr\/?post_type=portfolio&#038;p=512"},"modified":"2026-03-24T20:13:34","modified_gmt":"2026-03-24T19:13:34","slug":"renovation-petite-salle-de-bain","status":"publish","type":"portfolio","link":"https:\/\/ellesinteriordesignstudio.com\/fr\/portfolio\/renovation-petite-salle-de-bain\/","title":{"rendered":"Petite salle de bain, grand impact: un projet sur mesure pens\u00e9 dans les moindres d\u00e9tails."},"content":{"rendered":"","protected":false},"excerpt":{"rendered":"","protected":false},"featured_media":931,"parent":0,"template":"","tagsportfolio":[19],"class_list":["post-512","portfolio","type-portfolio","status-publish","has-post-thumbnail","hentry","tagsportfolio-pret-a-porter"],"yoast_head":"<!-- This site is optimized with the Yoast SEO plugin v27.5 - https:\/\/yoast.com\/product\/yoast-seo-wordpress\/ -->\n<title>Bagno piccolo: un progetto di ristrutturazione su misura<\/title>\n<meta name=\"description\" content=\"R\u00e9novation petite salle de bain \u00e0 Annecy : mat\u00e9riaux naturels, design fonctionnel et d\u00e9tails soign\u00e9s pour un r\u00e9sultat coh\u00e9rent et \u00e9l\u00e9gant.\" \/>\n<meta name=\"robots\" content=\"index, follow, max-snippet:-1, max-image-preview:large, max-video-preview:-1\" \/>\n<link rel=\"canonical\" href=\"https:\/\/ellesinteriordesignstudio.com\/fr\/portfolio\/renovation-petite-salle-de-bain\/\" \/>\n<meta property=\"og:locale\" content=\"fr_FR\" \/>\n<meta property=\"og:type\" content=\"article\" \/>\n<meta property=\"og:title\" content=\"Bagno piccolo: un progetto di ristrutturazione su misura\" \/>\n<meta property=\"og:description\" content=\"R\u00e9novation petite salle de bain \u00e0 Annecy : mat\u00e9riaux naturels, design fonctionnel et d\u00e9tails soign\u00e9s pour un r\u00e9sultat coh\u00e9rent et \u00e9l\u00e9gant.\" \/>\n<meta property=\"og:url\" content=\"https:\/\/ellesinteriordesignstudio.com\/fr\/portfolio\/renovation-petite-salle-de-bain\/\" \/>\n<meta property=\"og:site_name\" content=\"ELLES Interior Design\" \/>\n<meta property=\"article:modified_time\" content=\"2026-03-24T19:13:34+00:00\" \/>\n<meta property=\"og:image\" content=\"https:\/\/ellesinteriordesignstudio.com\/fr\/wp-content\/uploads\/sites\/2\/2025\/08\/7_Meuble_de_salle_de_bain_en_orme_clair-1.webp\" \/>\n\t<meta property=\"og:image:width\" content=\"2000\" \/>\n\t<meta property=\"og:image:height\" content=\"3000\" \/>\n\t<meta property=\"og:image:type\" content=\"image\/webp\" \/>\n<meta name=\"twitter:card\" content=\"summary_large_image\" \/>\n<meta name=\"twitter:label1\" content=\"Dur\u00e9e de lecture estim\u00e9e\" \/>\n\t<meta name=\"twitter:data1\" content=\"6 minutes\" \/>\n<script type=\"application\/ld+json\" class=\"yoast-schema-graph\">{\"@context\":\"https:\\\/\\\/schema.org\",\"@graph\":[{\"@type\":\"WebPage\",\"@id\":\"https:\\\/\\\/ellesinteriordesignstudio.com\\\/fr\\\/portfolio\\\/renovation-petite-salle-de-bain\\\/\",\"url\":\"https:\\\/\\\/ellesinteriordesignstudio.com\\\/fr\\\/portfolio\\\/renovation-petite-salle-de-bain\\\/\",\"name\":\"Bagno piccolo: un progetto di ristrutturazione su misura\",\"isPartOf\":{\"@id\":\"https:\\\/\\\/ellesinteriordesignstudio.com\\\/fr\\\/#website\"},\"primaryImageOfPage\":{\"@id\":\"https:\\\/\\\/ellesinteriordesignstudio.com\\\/fr\\\/portfolio\\\/renovation-petite-salle-de-bain\\\/#primaryimage\"},\"image\":{\"@id\":\"https:\\\/\\\/ellesinteriordesignstudio.com\\\/fr\\\/portfolio\\\/renovation-petite-salle-de-bain\\\/#primaryimage\"},\"thumbnailUrl\":\"https:\\\/\\\/ellesinteriordesignstudio.com\\\/fr\\\/wp-content\\\/uploads\\\/sites\\\/2\\\/2025\\\/08\\\/7_Meuble_de_salle_de_bain_en_orme_clair-1.webp\",\"datePublished\":\"2025-08-07T07:43:06+00:00\",\"dateModified\":\"2026-03-24T19:13:34+00:00\",\"description\":\"R\u00e9novation petite salle de bain \u00e0 Annecy : mat\u00e9riaux naturels, design fonctionnel et d\u00e9tails soign\u00e9s pour un r\u00e9sultat coh\u00e9rent et \u00e9l\u00e9gant.\",\"breadcrumb\":{\"@id\":\"https:\\\/\\\/ellesinteriordesignstudio.com\\\/fr\\\/portfolio\\\/renovation-petite-salle-de-bain\\\/#breadcrumb\"},\"inLanguage\":\"fr-FR\",\"potentialAction\":[{\"@type\":\"ReadAction\",\"target\":[\"https:\\\/\\\/ellesinteriordesignstudio.com\\\/fr\\\/portfolio\\\/renovation-petite-salle-de-bain\\\/\"]}]},{\"@type\":\"ImageObject\",\"inLanguage\":\"fr-FR\",\"@id\":\"https:\\\/\\\/ellesinteriordesignstudio.com\\\/fr\\\/portfolio\\\/renovation-petite-salle-de-bain\\\/#primaryimage\",\"url\":\"https:\\\/\\\/ellesinteriordesignstudio.com\\\/fr\\\/wp-content\\\/uploads\\\/sites\\\/2\\\/2025\\\/08\\\/7_Meuble_de_salle_de_bain_en_orme_clair-1.webp\",\"contentUrl\":\"https:\\\/\\\/ellesinteriordesignstudio.com\\\/fr\\\/wp-content\\\/uploads\\\/sites\\\/2\\\/2025\\\/08\\\/7_Meuble_de_salle_de_bain_en_orme_clair-1.webp\",\"width\":2000,\"height\":3000,\"caption\":\"Meuble en bois d\u2019orme clair avec lavabo moderne\"},{\"@type\":\"BreadcrumbList\",\"@id\":\"https:\\\/\\\/ellesinteriordesignstudio.com\\\/fr\\\/portfolio\\\/renovation-petite-salle-de-bain\\\/#breadcrumb\",\"itemListElement\":[{\"@type\":\"ListItem\",\"position\":1,\"name\":\"Home\",\"item\":\"https:\\\/\\\/ellesinteriordesignstudio.com\\\/fr\\\/\"},{\"@type\":\"ListItem\",\"position\":2,\"name\":\"Petite salle de bain, grand impact: un projet sur mesure pens\u00e9 dans les moindres d\u00e9tails.\"}]},{\"@type\":\"WebSite\",\"@id\":\"https:\\\/\\\/ellesinteriordesignstudio.com\\\/fr\\\/#website\",\"url\":\"https:\\\/\\\/ellesinteriordesignstudio.com\\\/fr\\\/\",\"name\":\"ELLES Interior Design\",\"description\":\"\",\"publisher\":{\"@id\":\"https:\\\/\\\/ellesinteriordesignstudio.com\\\/fr\\\/#organization\"},\"potentialAction\":[{\"@type\":\"SearchAction\",\"target\":{\"@type\":\"EntryPoint\",\"urlTemplate\":\"https:\\\/\\\/ellesinteriordesignstudio.com\\\/fr\\\/?s={search_term_string}\"},\"query-input\":{\"@type\":\"PropertyValueSpecification\",\"valueRequired\":true,\"valueName\":\"search_term_string\"}}],\"inLanguage\":\"fr-FR\"},{\"@type\":\"Organization\",\"@id\":\"https:\\\/\\\/ellesinteriordesignstudio.com\\\/fr\\\/#organization\",\"name\":\"ELLES Interior Design\",\"url\":\"https:\\\/\\\/ellesinteriordesignstudio.com\\\/fr\\\/\",\"logo\":{\"@type\":\"ImageObject\",\"inLanguage\":\"fr-FR\",\"@id\":\"https:\\\/\\\/ellesinteriordesignstudio.com\\\/fr\\\/#\\\/schema\\\/logo\\\/image\\\/\",\"url\":\"https:\\\/\\\/ellesinteriordesignstudio.com\\\/fr\\\/wp-content\\\/uploads\\\/sites\\\/2\\\/2023\\\/05\\\/FullLogo-PecanPie.png\",\"contentUrl\":\"https:\\\/\\\/ellesinteriordesignstudio.com\\\/fr\\\/wp-content\\\/uploads\\\/sites\\\/2\\\/2023\\\/05\\\/FullLogo-PecanPie.png\",\"width\":3000,\"height\":3181,\"caption\":\"ELLES Interior Design\"},\"image\":{\"@id\":\"https:\\\/\\\/ellesinteriordesignstudio.com\\\/fr\\\/#\\\/schema\\\/logo\\\/image\\\/\"},\"sameAs\":[\"https:\\\/\\\/www.instagram.com\\\/elles_interiordesign\\\/\",\"https:\\\/\\\/www.linkedin.com\\\/in\\\/sluraghi\\\/\",\"https:\\\/\\\/www.houzz.fr\\\/pro\\\/webuser-351163672\\\/elles-interior-design\"]}]}<\/script>\n<!-- \/ Yoast SEO plugin. -->","yoast_head_json":{"title":"Bagno piccolo: un progetto di ristrutturazione su misura","description":"R\u00e9novation petite salle de bain \u00e0 Annecy : mat\u00e9riaux naturels, design fonctionnel et d\u00e9tails soign\u00e9s pour un r\u00e9sultat coh\u00e9rent et \u00e9l\u00e9gant.","robots":{"index":"index","follow":"follow","max-snippet":"max-snippet:-1","max-image-preview":"max-image-preview:large","max-video-preview":"max-video-preview:-1"},"canonical":"https:\/\/ellesinteriordesignstudio.com\/fr\/portfolio\/renovation-petite-salle-de-bain\/","og_locale":"fr_FR","og_type":"article","og_title":"Bagno piccolo: un progetto di ristrutturazione su misura","og_description":"R\u00e9novation petite salle de bain \u00e0 Annecy : mat\u00e9riaux naturels, design fonctionnel et d\u00e9tails soign\u00e9s pour un r\u00e9sultat coh\u00e9rent et \u00e9l\u00e9gant.","og_url":"https:\/\/ellesinteriordesignstudio.com\/fr\/portfolio\/renovation-petite-salle-de-bain\/","og_site_name":"ELLES Interior Design","article_modified_time":"2026-03-24T19:13:34+00:00","og_image":[{"width":2000,"height":3000,"url":"https:\/\/ellesinteriordesignstudio.com\/fr\/wp-content\/uploads\/sites\/2\/2025\/08\/7_Meuble_de_salle_de_bain_en_orme_clair-1.webp","type":"image\/webp"}],"twitter_card":"summary_large_image","twitter_misc":{"Dur\u00e9e de lecture estim\u00e9e":"6 minutes"},"schema":{"@context":"https:\/\/schema.org","@graph":[{"@type":"WebPage","@id":"https:\/\/ellesinteriordesignstudio.com\/fr\/portfolio\/renovation-petite-salle-de-bain\/","url":"https:\/\/ellesinteriordesignstudio.com\/fr\/portfolio\/renovation-petite-salle-de-bain\/","name":"Bagno piccolo: un progetto di ristrutturazione su misura","isPartOf":{"@id":"https:\/\/ellesinteriordesignstudio.com\/fr\/#website"},"primaryImageOfPage":{"@id":"https:\/\/ellesinteriordesignstudio.com\/fr\/portfolio\/renovation-petite-salle-de-bain\/#primaryimage"},"image":{"@id":"https:\/\/ellesinteriordesignstudio.com\/fr\/portfolio\/renovation-petite-salle-de-bain\/#primaryimage"},"thumbnailUrl":"https:\/\/ellesinteriordesignstudio.com\/fr\/wp-content\/uploads\/sites\/2\/2025\/08\/7_Meuble_de_salle_de_bain_en_orme_clair-1.webp","datePublished":"2025-08-07T07:43:06+00:00","dateModified":"2026-03-24T19:13:34+00:00","description":"R\u00e9novation petite salle de bain \u00e0 Annecy : mat\u00e9riaux naturels, design fonctionnel et d\u00e9tails soign\u00e9s pour un r\u00e9sultat coh\u00e9rent et \u00e9l\u00e9gant.","breadcrumb":{"@id":"https:\/\/ellesinteriordesignstudio.com\/fr\/portfolio\/renovation-petite-salle-de-bain\/#breadcrumb"},"inLanguage":"fr-FR","potentialAction":[{"@type":"ReadAction","target":["https:\/\/ellesinteriordesignstudio.com\/fr\/portfolio\/renovation-petite-salle-de-bain\/"]}]},{"@type":"ImageObject","inLanguage":"fr-FR","@id":"https:\/\/ellesinteriordesignstudio.com\/fr\/portfolio\/renovation-petite-salle-de-bain\/#primaryimage","url":"https:\/\/ellesinteriordesignstudio.com\/fr\/wp-content\/uploads\/sites\/2\/2025\/08\/7_Meuble_de_salle_de_bain_en_orme_clair-1.webp","contentUrl":"https:\/\/ellesinteriordesignstudio.com\/fr\/wp-content\/uploads\/sites\/2\/2025\/08\/7_Meuble_de_salle_de_bain_en_orme_clair-1.webp","width":2000,"height":3000,"caption":"Meuble en bois d\u2019orme clair avec lavabo moderne"},{"@type":"BreadcrumbList","@id":"https:\/\/ellesinteriordesignstudio.com\/fr\/portfolio\/renovation-petite-salle-de-bain\/#breadcrumb","itemListElement":[{"@type":"ListItem","position":1,"name":"Home","item":"https:\/\/ellesinteriordesignstudio.com\/fr\/"},{"@type":"ListItem","position":2,"name":"Petite salle de bain, grand impact: un projet sur mesure pens\u00e9 dans les moindres d\u00e9tails."}]},{"@type":"WebSite","@id":"https:\/\/ellesinteriordesignstudio.com\/fr\/#website","url":"https:\/\/ellesinteriordesignstudio.com\/fr\/","name":"ELLES Interior Design","description":"","publisher":{"@id":"https:\/\/ellesinteriordesignstudio.com\/fr\/#organization"},"potentialAction":[{"@type":"SearchAction","target":{"@type":"EntryPoint","urlTemplate":"https:\/\/ellesinteriordesignstudio.com\/fr\/?s={search_term_string}"},"query-input":{"@type":"PropertyValueSpecification","valueRequired":true,"valueName":"search_term_string"}}],"inLanguage":"fr-FR"},{"@type":"Organization","@id":"https:\/\/ellesinteriordesignstudio.com\/fr\/#organization","name":"ELLES Interior Design","url":"https:\/\/ellesinteriordesignstudio.com\/fr\/","logo":{"@type":"ImageObject","inLanguage":"fr-FR","@id":"https:\/\/ellesinteriordesignstudio.com\/fr\/#\/schema\/logo\/image\/","url":"https:\/\/ellesinteriordesignstudio.com\/fr\/wp-content\/uploads\/sites\/2\/2023\/05\/FullLogo-PecanPie.png","contentUrl":"https:\/\/ellesinteriordesignstudio.com\/fr\/wp-content\/uploads\/sites\/2\/2023\/05\/FullLogo-PecanPie.png","width":3000,"height":3181,"caption":"ELLES Interior Design"},"image":{"@id":"https:\/\/ellesinteriordesignstudio.com\/fr\/#\/schema\/logo\/image\/"},"sameAs":["https:\/\/www.instagram.com\/elles_interiordesign\/","https:\/\/www.linkedin.com\/in\/sluraghi\/","https:\/\/www.houzz.fr\/pro\/webuser-351163672\/elles-interior-design"]}]}},"_links":{"self":[{"href":"https:\/\/ellesinteriordesignstudio.com\/fr\/wp-json\/wp\/v2\/portfolio\/512","targetHints":{"allow":["GET"]}}],"collection":[{"href":"https:\/\/ellesinteriordesignstudio.com\/fr\/wp-json\/wp\/v2\/portfolio"}],"about":[{"href":"https:\/\/ellesinteriordesignstudio.com\/fr\/wp-json\/wp\/v2\/types\/portfolio"}],"wp:featuredmedia":[{"embeddable":true,"href":"https:\/\/ellesinteriordesignstudio.com\/fr\/wp-json\/wp\/v2\/media\/931"}],"wp:attachment":[{"href":"https:\/\/ellesinteriordesignstudio.com\/fr\/wp-json\/wp\/v2\/media?parent=512"}],"wp:term":[{"taxonomy":"tagsportfolio","embeddable":true,"href":"https:\/\/ellesinteriordesignstudio.com\/fr\/wp-json\/wp\/v2\/tagsportfolio?post=512"}],"curies":[{"name":"wp","href":"https:\/\/api.w.org\/{rel}","templated":true}]}}

Petite salle de bain, grand impact: un projet sur mesure pensé dans les moindres détails.

<!-- This site is optimized with the Yoast SEO plugin v27.5 - https://yoast.com/product/yoast-seo-wordpress/ -->
<title>Bagno piccolo: un progetto di ristrutturazione su misura</title>
<meta name="description" content="Rénovation petite salle de bain à Annecy : matériaux naturels, design fonctionnel et détails soignés pour un résultat cohérent et élégant." />
<meta name="robots" content="index, follow, max-snippet:-1, max-image-preview:large, max-video-preview:-1" />
<link rel="canonical" href="https://ellesinteriordesignstudio.com/fr/portfolio/renovation-petite-salle-de-bain/" />
<meta property="og:locale" content="fr_FR" />
<meta property="og:type" content="article" />
<meta property="og:title" content="Bagno piccolo: un progetto di ristrutturazione su misura" />
<meta property="og:description" content="Rénovation petite salle de bain à Annecy : matériaux naturels, design fonctionnel et détails soignés pour un résultat cohérent et élégant." />
<meta property="og:url" content="https://ellesinteriordesignstudio.com/fr/portfolio/renovation-petite-salle-de-bain/" />
<meta property="og:site_name" content="ELLES Interior Design" />
<meta property="article:modified_time" content="2026-03-24T19:13:34+00:00" />
<meta property="og:image" content="https://ellesinteriordesignstudio.com/fr/wp-content/uploads/sites/2/2025/08/7_Meuble_de_salle_de_bain_en_orme_clair-1.webp" />
	<meta property="og:image:width" content="2000" />
	<meta property="og:image:height" content="3000" />
	<meta property="og:image:type" content="image/webp" />
<meta name="twitter:card" content="summary_large_image" />
<meta name="twitter:label1" content="Durée de lecture estimée" />
	<meta name="twitter:data1" content="6 minutes" />
<script type="application/ld+json" class="yoast-schema-graph">{"@context":"https:\/\/schema.org","@graph":[{"@type":"WebPage","@id":"https:\/\/ellesinteriordesignstudio.com\/fr\/portfolio\/renovation-petite-salle-de-bain\/","url":"https:\/\/ellesinteriordesignstudio.com\/fr\/portfolio\/renovation-petite-salle-de-bain\/","name":"Bagno piccolo: un progetto di ristrutturazione su misura","isPartOf":{"@id":"https:\/\/ellesinteriordesignstudio.com\/fr\/#website"},"primaryImageOfPage":{"@id":"https:\/\/ellesinteriordesignstudio.com\/fr\/portfolio\/renovation-petite-salle-de-bain\/#primaryimage"},"image":{"@id":"https:\/\/ellesinteriordesignstudio.com\/fr\/portfolio\/renovation-petite-salle-de-bain\/#primaryimage"},"thumbnailUrl":"https:\/\/ellesinteriordesignstudio.com\/fr\/wp-content\/uploads\/sites\/2\/2025\/08\/7_Meuble_de_salle_de_bain_en_orme_clair-1.webp","datePublished":"2025-08-07T07:43:06+00:00","dateModified":"2026-03-24T19:13:34+00:00","description":"Rénovation petite salle de bain à Annecy : matériaux naturels, design fonctionnel et détails soignés pour un résultat cohérent et élégant.","breadcrumb":{"@id":"https:\/\/ellesinteriordesignstudio.com\/fr\/portfolio\/renovation-petite-salle-de-bain\/#breadcrumb"},"inLanguage":"fr-FR","potentialAction":[{"@type":"ReadAction","target":["https:\/\/ellesinteriordesignstudio.com\/fr\/portfolio\/renovation-petite-salle-de-bain\/"]}]},{"@type":"ImageObject","inLanguage":"fr-FR","@id":"https:\/\/ellesinteriordesignstudio.com\/fr\/portfolio\/renovation-petite-salle-de-bain\/#primaryimage","url":"https:\/\/ellesinteriordesignstudio.com\/fr\/wp-content\/uploads\/sites\/2\/2025\/08\/7_Meuble_de_salle_de_bain_en_orme_clair-1.webp","contentUrl":"https:\/\/ellesinteriordesignstudio.com\/fr\/wp-content\/uploads\/sites\/2\/2025\/08\/7_Meuble_de_salle_de_bain_en_orme_clair-1.webp","width":2000,"height":3000,"caption":"Meuble en bois d’orme clair avec lavabo moderne"},{"@type":"BreadcrumbList","@id":"https:\/\/ellesinteriordesignstudio.com\/fr\/portfolio\/renovation-petite-salle-de-bain\/#breadcrumb","itemListElement":[{"@type":"ListItem","position":1,"name":"Home","item":"https:\/\/ellesinteriordesignstudio.com\/fr\/"},{"@type":"ListItem","position":2,"name":"Petite salle de bain, grand impact: un projet sur mesure pensé dans les moindres détails."}]},{"@type":"WebSite","@id":"https:\/\/ellesinteriordesignstudio.com\/fr\/#website","url":"https:\/\/ellesinteriordesignstudio.com\/fr\/","name":"ELLES Interior Design","description":"","publisher":{"@id":"https:\/\/ellesinteriordesignstudio.com\/fr\/#organization"},"potentialAction":[{"@type":"SearchAction","target":{"@type":"EntryPoint","urlTemplate":"https:\/\/ellesinteriordesignstudio.com\/fr\/?s={search_term_string}"},"query-input":{"@type":"PropertyValueSpecification","valueRequired":true,"valueName":"search_term_string"}}],"inLanguage":"fr-FR"},{"@type":"Organization","@id":"https:\/\/ellesinteriordesignstudio.com\/fr\/#organization","name":"ELLES Interior Design","url":"https:\/\/ellesinteriordesignstudio.com\/fr\/","logo":{"@type":"ImageObject","inLanguage":"fr-FR","@id":"https:\/\/ellesinteriordesignstudio.com\/fr\/#\/schema\/logo\/image\/","url":"https:\/\/ellesinteriordesignstudio.com\/fr\/wp-content\/uploads\/sites\/2\/2023\/05\/FullLogo-PecanPie.png","contentUrl":"https:\/\/ellesinteriordesignstudio.com\/fr\/wp-content\/uploads\/sites\/2\/2023\/05\/FullLogo-PecanPie.png","width":3000,"height":3181,"caption":"ELLES Interior Design"},"image":{"@id":"https:\/\/ellesinteriordesignstudio.com\/fr\/#\/schema\/logo\/image\/"},"sameAs":["https:\/\/www.instagram.com\/elles_interiordesign\/","https:\/\/www.linkedin.com\/in\/sluraghi\/","https:\/\/www.houzz.fr\/pro\/webuser-351163672\/elles-interior-design"]}]}</script>
<!-- / Yoast SEO plugin. -->

Rénovation petite salle de bain à Annecy : matériaux naturels, design fonctionnel et détails soignés pour un résultat cohérent et élégant.
